et g = 53 - 33. What is the remainder when d/1 + (2 - 2) is divided by g?
18
Let i(y) = y**3 + 2*y**2 + 2*y + 1. Let s be i(-1). Let a be (1/(-1))/(s + 1). What is the remainder when 29 is divided by ((-2)/(-5))/(a/(-25))?
9
Suppose l - 9 = -2*n, 2*n + 0*n = 5*l + 3. Suppose -3*f - r + 6 = 0, -1 = -2*f - 4*r + 3. What is the remainder when n is divided by f?
0
Let g = 37 - 17. Let b(r) = r**2 - r - 2. Let z be b(0). What is the remainder when z/(-5) - 564/(-15) is divided by g?
18
Suppose 0 = -5*s + 223 - 58. Let v be 91/(-4) - (-1)/(-4). Let r = s + v. Calculate the remainder when r is divided by 4.
2
Let k be (-19)/(0 - (-1)/(-3)). Calculate the remainder when k - (-1 + 5 + -1) is divided by 19.
16
Let n(v) = v**2 - 6*v. Let d(b) = b - 1. Let y(z) = -5*d(z) + n(z). What is the remainder when 18 is divided by y(11)?
3
Suppose 5*u = -5*z - 10, -2*z - 5*u = -0*u + 13. What is the remainder when 18 is divided by 9 + (2 - 4)/z?
4
Suppose 25 = -2*y + 3*y. Calculate the remainder when y is divided by 9.
7
Let o(i) = -i**2 - 13*i + 7. Let z be o(-13). Suppose 0 = 3*t - 3*n - 66, -3*t - 106 = -z*t - 2*n. What is the remainder when t is divided by 9?
7
Let k(r) = r**2 + r + 1. What is the remainder when k(4) is divided by 1/(-2)*(-1 + 33/(-3))?
3
Let c(a) = -a + 3 + 0*a - 1. Let k be c(0). Suppose 0 = k*d - 4 - 2. What is the remainder when d is divided by 2?
1
Suppose 63 = -m + 14. Suppose 0 = -5*a - i - 31, -2*a - 3*i = 5 + 10. Let v = a - m. Calculate the remainder when v is divided by 15.
13
Suppose 0 = -3*d - 2*d. Suppose d = 2*q + 4*w - 110, 137 + 78 = 5*q - 5*w. Calculate the remainder when q is divided by 12.
11
Let f be (-56)/(-6)*(-9)/(-6). What is the remainder when 47 is divided by 4/(2 + f/(-8))?
15
Suppose -4*d = 5*j - 37, 2*d + 19 = -0*j + 5*j. Suppose 5*c + 5*t - 10 = 0, 9 = 3*c + 2*t - 1. What is the remainder when c is divided by d?
0
Suppose -8 = -2*r - 0. Suppose r*t + 10 = 5*t. What is the remainder when (-6)/27 - 254/(-9) is divided by t?
8
Let l(k) = 4*k - 2. Let m be l(2). Suppose -i - 2*i + m = 0. Let f = 6 + -4. Calculate the remainder when i is divided by f.
0
Suppose 0 = 4*a - 5*y - 0*y + 36, 3*a + 4*y = 4. Let h(o) = -o**3 - 4*o**2 - 3*o + 3. What is the remainder when (-2)/(-6) - 528/(-9) is divided by h(a)?
14
Suppose -5*x - 8 = -2*u, -2*u = 2*x - 3*x - 24. Let h = -96 - -171. Suppose a + 2*a - h = 0. Calculate the remainder when a is divided by u.
11
Let w = -14 - -29. Suppose 4*n + 62 = -5*b, 0*n - 4*n = -4*b - 28. What is the remainder when w is divided by (-2)/b + (-39)/(-5)?
7
Let d = 79 + -45. Let n = 9 - 0. What is the remainder when (0 - -2)/(4/d) is divided by n?
8
Calculate the remainder when 30 is divided by -4 - (-15 - 0/1).
8
Let u = -33 + 55. Let m be 1/((-1)/2 + 1). Suppose -3*p - 7 = b, -m*b + 3*p + 12 = -19. Calculate the remainder when u is divided by b.
6
Let j = 5 - 8. Let n = j + 10. What is the remainder when 27 is divided by n?
6
Let l be ((-8)/6)/(2/(-84)). Suppose f + l = 5*f. Calculate the remainder when f is divided by 5.
4
Let v(i) = 8*i - 17. Calculate the remainder when v(7) is divided by 14.
11
Let c be ((-2)/(-6))/((-2)/(-30)). Suppose -c*j + 25 = -60. What is the remainder when j is divided by 10?
7
Let w(b) = -b**2 - 3*b + 7. Suppose -5*q + x = -47 + 2, -4*q = 4*x - 12. What is the remainder when q is divided by w(-4)?
2
Suppose x = -0*x + 14. What is the remainder when (0 + 0 - -27) + 0 is divided by x?
13
Suppose 9 = -6*x + 7*x. What is the remainder when x/(-18) + 42/4 is divided by 4?
2
Suppose -d + 4*x + 60 = 0, 3*x = -d + 2*x + 45. What is the remainder when d is divided by 26?
22
Suppose 4*t + t = 105. What is the remainder when t is divided by 12?
9
Suppose 3*z = -5*t + 30, 0 = -5*z + 2*t + 74 + 7. What is the remainder when 43 is divided by z?
13
Let w = -12 - -30. Calculate the remainder when w is divided by 11.
7
Suppose 0 = -4*q + 4*m + 40, -10 = -q + m - 3*m. Let a = -10 - -58. What is the remainder when a is divided by q?
8
Suppose 4*z - 11 = -3*h, h + 2 + 6 = z. Let m = z + 0. What is the remainder when m is divided by 3?
2
Let v = 20 - -3. Let r = v - 10. What is the remainder when r is divided by 7?
6
Suppose -2*o = -4*v - 2, 12 = -3*v - 3*o + o. Suppose -2*n - 5 = -d, 4*n + 2*d = 7*d - 13. Calculate the remainder when 33 + (-3 - v)*n is divided by 12.
11
Let t = -1 - 0. Suppose 0 = -2*j - 0*j + 2. What is the remainder when (1 + -33 + j)*t is divided by 11?
9
Let y = -3 - 3. Let x = y - -9. Suppose x*w - 105 = -3*b, 2 = 2*b - 4. What is the remainder when w is divided by 11?
10
Suppose -6*n + 5*n = 3. Let i be (-1)/1*0 + n. What is the remainder when 7 is divided by 3 - (5/(-1) - i)?
2
Let i(m) = 5*m**2 - 2*m - 1. Calculate the remainder when 58 is divided by i(2).
13
Suppose 1 + 0 = -t + j, 3*j = -4*t - 25. Suppose -171 = -5*k - 4*k. What is the remainder when (-1)/t + 446/8 is divided by k?
18
Let m = 3 - 1. Suppose 4*z - 1 = c + 19, -5*z + 31 = -m*c. Let l(a) = a**3 + 7*a**2 - 12*a - 1. What is the remainder when l(c) is divided by 16?
15
Suppose -3*y + 2*y = 5*j - 77, -4*j + 56 = -2*y. What is the remainder when 29 is divided by j?
14
Suppose -2*m - 2*i + 48 = m, -2*i = -6. Suppose -3*k - 2*s = -80, s = k + 6*s - 31. Calculate the remainder when k is divided by m.
12
Let r = 46 - 33. Let w = 7 + -12. What is the remainder when r is divided by (-2)/(-10) + (-34)/w?
6
Let z = 18 + 13. Calculate the remainder when z is divided by 43/4 - (-2)/8.
9
Let i(s) = 16*s + 7. Let d be i(-5). Let c = 128 + d. Calculate the remainder when c is divided by 19.
17
Suppose -9*j + 123 = -12. Calculate the remainder when 89 is divided by j.
14
Suppose -r + 105 = -a, -r - a = -0*r - 107. What is the remainder when r is divided by 4?
2
Let g(o) = 13*o**3 + o - 2. Calculate the remainder when g(1) is divided by 8.
4
Suppose -3*u - 4 = -5*o, -u + o + 4 = 2*u. What is the remainder when 7 is divided by u?
1
Let v(b) = -b + 17. Let k(y) = 1. Let n(h) = -6*k(h) + v(h). Calculate the remainder when 9 is divided by n(6).
4
Suppose 0 = 2*m - 7*m + 15. Let i = 4 + m. Calculate the remainder when 19 is divided by i.
5
Let p(f) = f**2 - 11*f + 13. Let l be p(9). What is the remainder when ((-1)/5 - 1)*l is divided by 4?
2
Let x be (-9)/15 + 8/(-20). Let f(c) = -27*c. What is the remainder when f(x) is divided by 7?
6
Let i(p) = -p**3 + 5*p**2 + 8*p + 3. Calculate the remainder when i(6) is divided by 6.
3
Let w(b) = 3 + 0 + 10 + 9*b + 2. What is the remainder when w(8) is divided by 22?
21
Suppose c - 24 = -2*c. What is the remainder when c/10*90/4 is divided by 10?
8
Let y = 60 + -43. Calculate the remainder when 32 is divided by y.
15
Suppose f + 5*t - 94 = 2*t, -4*f = 5*t - 355. What is the remainder when f is divided by 171/6 - (-3)/6?
27
What is the remainder when (-420)/12*(-4)/5 is divided by 15?
13
Let i = -50 + 85. Let y(m) = 2*m**2 - 5*m - 7. Let g be (-1)/(-2)*(7 + 3). What is the remainder when i is divided by y(g)?
17
Let a(n) = 11*n - 3. Suppose 2*o - 4*o + 14 = 2*t, -2*t + 19 = 3*o. What is the remainder when 56 is divided by a(t)?
18
Let w = -172 + 120. Let r be 1605/(-10)*6/(-9). Let q = w + r. What is the remainder when q is divided by 14?
13
Let q = 2 - 2. Suppose -4*l - 7 + 23 = q. Suppose l*p - 45 = -1. What is the remainder when 32 is divided by p?
10
Suppose 9 = -4*l + 7*l. Suppose 0*g + 6 = l*g. Suppose 0 = -g*y - 0*y + 34. What is the remainder when y is divided by 9?
8
Let b = 23 - 9. Let m = -114 + 118. Calculate the remainder when b is divided by m.
2
Suppose -4*x - 24 = -3*a, 0 = 5*a + 2*x + 2*x - 8. Let i = a + 1. Suppose -2*t - 2 + 18 = 0. What is the remainder when t is divided by i?
3
Suppose 0 = a - 5 - 4. Let o = a - -5. Suppose -4*t - 53 = -5*t. Calculate the remainder when t is divided by o.
11
Let m(l) = -5*l + 1. What is the remainder when 56 is divided by m(-6)?
25
Suppose 0*v + 268 = 4*v. Calculate the remainder when v is divided by 14.
11
Suppose 0 = -5*o + 6*o + 20. Let q = -5 - o. What is the remainder when 72 is divided by q?
12
Suppose 2*w - 4*l = 20, -3*l = -w + 3 + 9. Suppose -14 = -w*t + 10. What is the remainder when 6 is divided by t?
2
Suppose -6*u = -46 - 20. What is the remainder when 75 is divided by u?
9
Let q = 58 - 45. What is the remai